 Give u(-5).
6
Let i(d) = 121 + d**3 - 61 - 8*d - 6*d**2 - 55. Give i(7).
-2
Let k(z) be the first derivative of -z**3/3 + 11*z**2/2 - 10*z - 71. Determine k(7).
18
Suppose 5*b + 41 = -4*s + 2*s, -s - 43 = 5*b. Let f(d) = -d**2 - 10*d - 6. Determine f(b).
3
Suppose -2*w - 1 = 19. Let j be 1*w*4/8. Let l(u) = -u**3 - 3*u**2 + 8*u + 4. Give l(j).
14
Let i(f) = -4*f**2 - 7*f + 8. Let n(z) = -3*z**2 - 6*z + 8. Let w(v) = -2*i(v) + 3*n(v). Give w(-6).
-4
Suppose 0 = -u - 17 + 16. Let l(k) = -5*k**3 + k**2 - 1. What is l(u)?
5
Let m(u) be the third derivative of u**5/60 - u**4/8 + 25*u**2. Determine m(4).
4
Suppose g + d - 10 = 17, -5*g + 4*d + 162 = 0. Suppose 6*k + g = k. Let x(s) = -2*s - 8. What is x(k)?
4
Let h(r) be the second derivative of r**5/20 - r**4/3 + 5*r**2/2 + r. Suppose -s + 2*p - 1 = -7, -3*s - p + 11 = 0. Calculate h(s).
5
Let p(l) be the first derivative of -l**3/3 - l**2 + 4*l - 1. Let j be p(-4). Let r(x) be the first derivative of -x**2/2 - 2*x - 46. What is r(j)?
2
Let t(j) be the third derivative of j**4/24 - j**3 - j**2. Let u(a) = -a**3 - a**2 - a - 1. Let d be u(-2). What is t(d)?
-1
Let q be 1*-1 + 15/5. Let o = 5 - 3. Let r(i) = -o + q*i - 2*i - 2*i. What is r(2)?
-6
Let g(n) = n**3 + 4*n**2 - 5*n - 4. Suppose 5*t = 2*t + 2*y - 19, 3*y - 31 = 5*t. Give g(t).
-4
Let i(h) = 11*h**2 + 4*h - 2. Let y(z) = -4*z**2 - z + 1. Let w(g) = -3*i(g) - 8*y(g). Determine w(-3).
1
Let p(b) = 1 + 2 - 2 - b - 4*b**3. Suppose -22 = l + l. Let z = l - -12. Calculate p(z).
-4
Let u(t) = t**3 + 1 + 2*t + 0*t - 4*t**2 - 3 - t. What is u(4)?
2
Suppose -42 = -2*c + 8*c. Let m(j) = -j**3 - 8*j**2 - 8*j - 4. Determine m(c).
3
Let q be 3 + -1 - (-7 - -3). Let b(d) = -d + 9. Let h(c) = -1. Let g(r) = -b(r) - 6*h(r). Determine g(q).
3
Let y = 4 + -2. Let i(b) be the first derivative of -3*b**2 + 1 - 8*b + y*b**2 + 6*b. What is i(-5)?
8
Let m(b) = 7*b**3 - b - 1. Suppose 14 = 3*q + 5. Suppose -c + q = 4. What is m(c)?
-7
Let m(w) = 4*w**3 - 5*w - 3. Let c(y) = 3*y**3 - 4*y - 2. Let s(q) = q**3 + 4*q**2 - 4. Let f be s(-4). Let b(j) = f*m(j) + 5*c(j). Give b(2).
-6
Let y(q) = 4*q. Let x be 1/(-1 - (-4)/8) - -1. Calculate y(x).
-4
Let m = -4 + -1. Let i be m*(-2 - 24/(-10)). Let o(y) = 20*y - 6. Let c(l) = 4*l - 1. Let b(n) = -11*c(n) + 2*o(n). What is b(i)?
7
Let x(c) = -5*c**2 - 13*c + 3. Let f(q) = -9*q**2 - 25*q + 6. Let m(t) = 6*f(t) - 11*x(t). Suppose o - 3*o + 12 = 0. Determine m(o).
-3
Let x be 1*(5/(-5) - -1). Let g(f) = -f. Determine g(x).
0
Let k(f) be the third derivative of f**6/360 - f**5/30 + f**4/4 - f**3/2 - f**2. Let h(t) be the first derivative of k(t). What is h(4)?
6
Let p(g) = -3*g**3 - 5*g**2 - 6*g + 7. Let a(m) = 4*m**3 + 4*m**2 + 7*m - 8. Let j(x) = 2*a(x) + 3*p(x). What is j(-6)?
-7
Let d(l) = -l**2 + l - 12. Let x(k) = -k**2 - 11. Let s(u) = -5*d(u) + 6*x(u). Suppose 0 = 5*q + 10 + 15. Determine s(q).
-6
Suppose -7*g - 32 = -3*g. Suppose 2*d + 56 = -2*n + 3*d, -2*d = 4*n + 112. Let t be 23/7 - g/n. Let i(u) = -u**2 + 5*u - 1. Calculate i(t).
5
Let u(z) be the third derivative of z**5/60 - z**4/24 - 7*z**3/6 - 7*z**2. What is u(0)?
-7
Let u(t) = t**2 + 2*t + 4. Suppose 0 = 3*q - 0 - 6. Let k(s) = -3*s**2 + 4*s + 1. Let w be k(q). Give u(w).
7
Let n(c) be the first derivative of -c**2/2 - 6*c - 40. Determine n(0).
-6
Let k(m) = m + 2. Let n(w) = 2*w + 3. Let i(f) = 3*k(f) - 2*n(f). Determine i(-4).
4
Suppose 2*z = 5*z + 21. Let r(t) = t**3 + 7*t**2 - 2*t - 8. What is r(z)?
6
Let o(l) = -6*l**2 + l. Let x(u) = -u**2 - 1. Let c(d) = -o(d) + 5*x(d). Suppose -7 = 3*h + 2*b, 3*h + 2*b + 2*b = -17. Let j be 17/4 + h/(-4). What is c(j)?
7
Let r(p) = p - 5. Let g(o) = o - 6. Let d(u) = -2*g(u) + 3*r(u). Suppose 2*n = 2*z - n - 53, z - 5*n = 44. Let c = z + -13. Give d(c).
3
Let z be 15/3*6/(-10). Let y(a) = -2*a**2 - 5*a - 3. Give y(z).
-6
Let k(v) = -3*v + 1. Let l = 2 - 2. Let h(t) = -6*t - 1. Let d be h(-1). Suppose l = 3*s - d*s - 4. Give k(s).
7
Suppose -2*k - 3*k - 23 = z, -4*k + z = 22. Let r(d) be the second derivative of d**3/6 + 9*d**2/2 - 2*d. What is r(k)?
4
Let n(w) = w**2 + 1. Let p(k) = -5 - 6*k**2 - 5 - k + 1 - 1. Let c(h) = 5*n(h) + p(h). Determine c(0).
-5
Let d(f) = 8*f - f**2 + 9*f - 19*f + 8*f + 1. Calculate d(5).
6
Let o(j) = -j**3 + 2*j - 1. Let a be o(1). Let m(v) = v**3 + v**2 - v + 1. Let y(w) = -6*w**3 - 5*w**2 + 5*w - 10. Let x(p) = 5*m(p) + y(p). What is x(a)?
-5
Suppose -5*w - 2*t + 20 = 3*t, 2*t + 16 = 4*w. Let a(u) be the third derivative of u**6/120 - u**5/15 + 2*u**3/3 + u**2. What is a(w)?
4
Let x(d) = d**2 + 7*d + 8. Let s be x(-6). Let a(v) = s*v + 4*v + 4 - 5*v. Suppose 2 = 2*f + 8. What is a(f)?
1
Let v(j) = j + 8. Let a be v(-4). Suppose 2*r - u = 8, -2*r + 8*u + 8 = 4*u. Let n(m) = 2 + r*m**2 + 0*m - 2*m + m**3 - 2*m**3 + 1. Determine n(a).
-5
Let b(c) = c**2 - 3*c - 1 + 5*c - 3*c + 2 + 8*c**3. Let f = 7 + -4. Let y = 4 - f. Give b(y).
9
Let q(g) = g**3 - 3*g**2 - 4*g - 2. Suppose -5 - 1 = 3*x. Calculate q(x).
-14
Let v(h) = h**2 + 6*h + 4. Let a = 4 + -11. Suppose -5*y + 6*j - j - 55 = 0, 2*y + 42 = -3*j. Let f be (-10)/y*(a - -1). Calculate v(f).
-4
Let n(h) = 28 + h**3 + 2*h + 5*h - 24 + 6*h**2. Let s(k) = 4*k - 1. Let x be s(-1). What is n(x)?
-6
Let n(i) = 14*i + 1 + i - i. Suppose -l = l + 2. Give n(l).
-13
Suppose -26 = 4*m - 2*m. Let p = m - -8. Let b(s) be the third derivative of s**6/120 + s**5/10 + s**4/4 - s**3 - 9*s**2. What is b(p)?
-11
Let v(c) = 3*c**2 - c - 1. Let t(r) = -8*r**3 - r**2 - r - 1. Let w be t(-1). Let i be (-4)/(-14) + (-2)/w. Suppose -3*o - 2*o - 5 = i. Calculate v(o).
3
Suppose 9*i = -115 + 79. Let h(r) = 2*r**2 + 5*r + 1. What is h(i)?
13
Let i(b) = 6*b**3 - 2*b + 1. Let m(g) = g**3 + 5*g**2 + g + 7. Let x be m(-5). Suppose -y - y + x = 0. What is i(y)?
5
Suppose 0 = -3*h - h - 12. Let q = h - -5. Let f(g) = 2 + 4*g**q - 2*g**3 + 3*g**3 + 2 + 4*g - 1. Determine f(-2).
3
Let d(j) be the third derivative of -j**6/120 + j**5/10 + 7*j**4/24 + 2*j**3/3 + 9*j**2. Determine d(7).
4
Suppose 4*g = 2*l + 20, -5*g + 4*l - 2*l + 27 = 0. Let r(p) = p - 10. Calculate r(g).
-3
Let f(m) = 3*m + 2. Let q(z) = 6*z + 4. Let b(k) = 7*f(k) - 4*q(k). What is b(2)?
-8
Let a(l) = -l**3 - 5*l**2 + 7*l + 1. Let r = 5 - 7. Let x be ((-3)/(-3))/(r/12). Calculate a(x).
-5
Let i(j) = -5. Let p(x) = 20*x + 50. Let s(c) = 7*c + 17. Let y(u) = 6*p(u) - 17*s(u). Let g(q) = -5*i(q) - 2*y(q). Determine g(4).
-5
Suppose -3*n - 9*n - 24 = 0. Let v(m) = m**3 + 3*m**2 + 2*m + 1. What is v(n)?
1
Let z be 1*0/(1 + 1). Let h(i) = -i**2 + i + 3. What is h(z)?
3
Let j(g) = -8*g - 1. Suppose c - 1 + 3 = 0. Calculate j(c).
15
Let j(k) = k**2 + k - 3. Suppose -n = -7*h + 4*h + 3, 0 = -2*n + 4*h - 4. Calculate j(n).
-3
Let l(c) = -c**3 - 3*c**2 - c. Let w be 4/(-1) - 3 - 0. Let b = 6 + w. Give l(b).
-1
Let w(b) = -8*b - 2. Let c be w(-1). Let d(m) = m**2 - 4*m - 1. Give d(c).
11
Let d be 1 - (-4)/8*-8. Let y(a) = a**3. Suppose -27 = -4*r - 3. Let k(h) = 7*h**3 + 3*h**2 - 2*h - 1. Let s(o) = r*y(o) - k(o). Give s(d).
-5
Let v(l) = -l**3 + l**2 + l + 2. Suppose -3*m = -2*m + 3*r - 6, -4*r = -8. Calculate v(m).
2
Let k(i) = -3*i**2 + 6*i. Let z(f) = -2*f**2 + 6*f + 1. Let q(w) = -w**2 + 7*w + 11. Let d be q(8). Let o(t) = d*k(t) - 4*z(t). Calculate o(-4).
4
Let t be (-2)/8*(-12)/3. Let b be (-4 - -4)/(3/t). Let a(z) = -z**3 + z**2 + z - 4. What is a(b)?
-4
Let c(w) be the third derivative of 1/8*w**4 + 2*w**2 - 1/2*w**3 + 0 + 0*w - 1/40*w**5. Let p(q) be the first derivative of c(q). Determine p(2).
-3
Let a(q) = 12*q**3 - q**2 - 1. Let o(h) = 12*h**3 - 2*h**2 - 1. Let w(d) = -3*a(d) + 2*o(d). Determine w(-1).
12
Let c(m) = -13*m**2 - 25*m - 21. Let b(p) = -7*p**2 - 13*p - 11. Let d(q) = -11*b(q) + 6*c(q). Let n = 26 + -31. Calculate d(n).
5
Let s(j) = 2*j. Let u be s(1). Let o = 4 - u. Suppose 0 = t - o*t + 2. Let i(p) = -2*p + 2. What is i(t)?
-2
Let v = 104 - 105. Let x(n) be the second derivative of 1/2*n**2 + 7/6*n**3 + 0 + n. Determine x(v).
-6
Let t be 66/(-280) - 12/(-42). Let m(r) be the second derivative of 0 - t*r**5 - 1/6*r**3 + 1/2*r**2 + 0*r**4 - 2*r. What is m(0)?
1
Let x(d) be the third derivative of -d**6/360 - d**5/120 + d**4/6 - 5*d**3/6 - 2*d**2. Let q(r) be the first derivative of x(r). G